{"id":7,"date":"2025-02-11T13:30:15","date_gmt":"2025-02-11T12:30:15","guid":{"rendered":"http:\/\/test.lysadamon.fr\/?page_id=7"},"modified":"2025-03-04T16:44:02","modified_gmt":"2025-03-04T15:44:02","slug":"elementor-7","status":"publish","type":"page","link":"https:\/\/test.lysadamon.fr\/","title":{"rendered":"Accueil"},"content":{"rendered":"\t\t<div data-elementor-type=\"wp-post\" data-elementor-id=\"7\" class=\"elementor elementor-7\">\n\t\t\t\t<div class=\"elementor-element elementor-element-8531925 e-grid e-con-full e-con e-parent\" data-id=\"8531925\" data-element_type=\"container\">\n\t\t\t\t<div class=\"elementor-element elementor-element-acb8e73 elementor-widget elementor-widget-image\" data-id=\"acb8e73\" data-element_type=\"widget\" data-widget_type=\"image.default\">\n\t\t\t\t<div class=\"elementor-widget-container\">\n\t\t\t\t\t\t\t\t\t\t\t\t\t\t\t<img decoding=\"async\" width=\"150\" height=\"150\" src=\"https:\/\/test.lysadamon.fr\/wp-content\/uploads\/2025\/02\/Logo-ASP-150x150.png\" class=\"attachment-thumbnail size-thumbnail wp-image-17\" alt=\"\" srcset=\"https:\/\/test.lysadamon.fr\/wp-content\/uploads\/2025\/02\/Logo-ASP-150x150.png 150w, https:\/\/test.lysadamon.fr\/wp-content\/uploads\/2025\/02\/Logo-ASP-300x300.png 300w, https:\/\/test.lysadamon.fr\/wp-content\/uploads\/2025\/02\/Logo-ASP.png 500w\" sizes=\"(max-width: 150px) 100vw, 150px\" \/>\t\t\t\t\t\t\t\t\t\t\t\t\t\t\t<\/div>\n\t\t\t\t<\/div>\n\t\t<div class=\"elementor-element elementor-element-05acd50 e-grid e-con-full e-con e-child\" data-id=\"05acd50\" data-element_type=\"container\">\n\t\t\t\t<div class=\"elementor-element elementor-element-759eebb elementor-widget__width-auto elementor-widget elementor-widget-heading\" data-id=\"759eebb\" data-element_type=\"widget\" data-widget_type=\"heading.default\">\n\t\t\t\t<div class=\"elementor-widget-container\">\n\t\t\t\t\t<h6 class=\"elementor-heading-title elementor-size-default\">Accueil<\/h6>\t\t\t\t<\/div>\n\t\t\t\t<\/div>\n\t\t\t\t<div class=\"elementor-element elementor-element-cc628b5 elementor-widget__width-auto elementor-widget elementor-widget-heading\" data-id=\"cc628b5\" data-element_type=\"widget\" data-widget_type=\"heading.default\">\n\t\t\t\t<div class=\"elementor-widget-container\">\n\t\t\t\t\t<h6 class=\"elementor-heading-title elementor-size-default\">Galerie photos<\/h6>\t\t\t\t<\/div>\n\t\t\t\t<\/div>\n\t\t\t\t<div class=\"elementor-element elementor-element-f08400f elementor-widget elementor-widget-heading\" data-id=\"f08400f\" data-element_type=\"widget\" data-widget_type=\"heading.default\">\n\t\t\t\t<div class=\"elementor-widget-container\">\n\t\t\t\t\t<h6 class=\"elementor-heading-title elementor-size-default\">Actualit\u00e9s<\/h6>\t\t\t\t<\/div>\n\t\t\t\t<\/div>\n\t\t\t\t<div class=\"elementor-element elementor-element-8dd11f3 elementor-widget elementor-widget-heading\" data-id=\"8dd11f3\" data-element_type=\"widget\" data-widget_type=\"heading.default\">\n\t\t\t\t<div class=\"elementor-widget-container\">\n\t\t\t\t\t<h6 class=\"elementor-heading-title elementor-size-default\">Pr\u00e9sentation<\/h6>\t\t\t\t<\/div>\n\t\t\t\t<\/div>\n\t\t\t\t<div class=\"elementor-element elementor-element-9451a08 elementor-widget elementor-widget-heading\" data-id=\"9451a08\" data-element_type=\"widget\" data-widget_type=\"heading.default\">\n\t\t\t\t<div class=\"elementor-widget-container\">\n\t\t\t\t\t<h6 class=\"elementor-heading-title elementor-size-default\">Contact<\/h6>\t\t\t\t<\/div>\n\t\t\t\t<\/div>\n\t\t\t\t<\/div>\n\t\t\t\t<\/div>\n\t\t<header class=\"elementor-element elementor-element-24b6a59d e-con-full e-flex e-con e-parent\" data-id=\"24b6a59d\" data-element_type=\"container\">\n\t\t<div class=\"elementor-element elementor-element-5f161a68 e-con-full e-flex e-con e-child\" data-id=\"5f161a68\" data-element_type=\"container\">\n\t\t<div class=\"elementor-element elementor-element-af26206 e-con-full e-flex e-con e-child\" data-id=\"af26206\" data-element_type=\"container\">\n\t\t\t\t<div class=\"elementor-element elementor-element-83cac5b elementor-widget elementor-widget-heading\" data-id=\"83cac5b\" data-element_type=\"widget\" data-widget_type=\"heading.default\">\n\t\t\t\t<div class=\"elementor-widget-container\">\n\t\t\t\t\t<h3 class=\"elementor-heading-title elementor-size-default\">Prochain concert<\/h3>\t\t\t\t<\/div>\n\t\t\t\t<\/div>\n\t\t\t\t<div class=\"elementor-element elementor-element-b24f23e elementor-widget elementor-widget-heading\" data-id=\"b24f23e\" data-element_type=\"widget\" data-widget_type=\"heading.default\">\n\t\t\t\t<div class=\"elementor-widget-container\">\n\t\t\t\t\t<h2 class=\"elementor-heading-title elementor-size-default\">Symphonie n\u00b03, Saint-Sa\u00ebns\n<br>Concerto pour fl\u00fbte, Chaminade<\/h2>\t\t\t\t<\/div>\n\t\t\t\t<\/div>\n\t\t\t\t<\/div>\n\t\t<div class=\"elementor-element elementor-element-23a8ce5 e-con-full e-flex e-con e-child\" data-id=\"23a8ce5\" data-element_type=\"container\">\n\t\t\t\t<div class=\"elementor-element elementor-element-1d8cb927 elementor-widget elementor-widget-image\" data-id=\"1d8cb927\" data-element_type=\"widget\" data-widget_type=\"image.default\">\n\t\t\t\t<div class=\"elementor-widget-container\">\n\t\t\t\t\t\t\t\t\t\t\t\t\t\t\t<img fetchpriority=\"high\" decoding=\"async\" width=\"846\" height=\"1200\" src=\"https:\/\/test.lysadamon.fr\/wp-content\/uploads\/2025\/03\/Affiche-concert.avif\" class=\"attachment-full size-full wp-image-30\" alt=\"\" \/>\t\t\t\t\t\t\t\t\t\t\t\t\t\t\t<\/div>\n\t\t\t\t<\/div>\n\t\t\t\t<\/div>\n\t\t\t\t<\/div>\n\t\t\t\t<\/header>\n\t\t<div class=\"elementor-element elementor-element-213469e e-flex e-con-boxed e-con e-parent\" data-id=\"213469e\" data-element_type=\"container\">\n\t\t\t\t\t<div class=\"e-con-inner\">\n\t\t\t\t<div class=\"elementor-element elementor-element-553325e elementor-widget elementor-widget-text-editor\" data-id=\"553325e\" data-element_type=\"widget\" data-widget_type=\"text-editor.default\">\n\t\t\t\t<div class=\"elementor-widget-container\">\n\t\t\t\t\t\t\t\t\t<div><div data-mesh-id=\"comp-imjd5dmuinlineContent\" data-testid=\"inline-content\"><div data-mesh-id=\"comp-imjd5dmuinlineContent-gridContainer\" data-testid=\"mesh-container-content\">\u00a0<\/div><\/div><\/div><div data-testid=\"richTextElement\"><p>L&rsquo;Association Symphonique de Paris a \u00e9t\u00e9 fond\u00e9e en 1923 sous le nom d&rsquo;Amicale Symphonique du 14\u00e8me et prend son nom actuel en 1936. Elle a pu entretenir des liens privil\u00e9gi\u00e9s avec la mairie du 13\u00e8me depuis 1945.<\/p><p>L&rsquo;orchestre travaille en diff\u00e9rentes formations : en orchestre symphonique, en formation de chambre, en accompagnement d&rsquo;instrumentistes solistes, et\u00a0avec choeur et solistes vocaux.<\/p><\/div>\t\t\t\t\t\t\t\t<\/div>\n\t\t\t\t<\/div>\n\t\t\t\t<div class=\"elementor-element elementor-element-15f0d0c elementor-align-center elementor-widget elementor-widget-button\" data-id=\"15f0d0c\" data-element_type=\"widget\" data-widget_type=\"button.default\">\n\t\t\t\t<div class=\"elementor-widget-container\">\n\t\t\t\t\t\t\t\t\t<div class=\"elementor-button-wrapper\">\n\t\t\t\t\t<a class=\"elementor-button elementor-button-link elementor-size-sm\" href=\"#\">\n\t\t\t\t\t\t<span class=\"elementor-button-content-wrapper\">\n\t\t\t\t\t\t\t\t\t<span class=\"elementor-button-text\">En savoir plus<\/span>\n\t\t\t\t\t<\/span>\n\t\t\t\t\t<\/a>\n\t\t\t\t<\/div>\n\t\t\t\t\t\t\t\t<\/div>\n\t\t\t\t<\/div>\n\t\t\t\t\t<\/div>\n\t\t\t\t<\/div>\n\t\t<div class=\"elementor-element elementor-element-e7a4371 e-grid e-con-boxed e-con e-parent\" data-id=\"e7a4371\" data-element_type=\"container\">\n\t\t\t\t\t<div class=\"e-con-inner\">\n\t\t<div class=\"elementor-element elementor-element-a17c833 e-con-full e-flex e-con e-child\" data-id=\"a17c833\" data-element_type=\"container\">\n\t\t\t\t<div class=\"elementor-element elementor-element-d06564c elementor-widget elementor-widget-image\" data-id=\"d06564c\" data-element_type=\"widget\" data-widget_type=\"image.default\">\n\t\t\t\t<div class=\"elementor-widget-container\">\n\t\t\t\t\t\t\t\t\t\t\t\t\t\t\t<img decoding=\"async\" width=\"800\" height=\"600\" src=\"https:\/\/test.lysadamon.fr\/wp-content\/uploads\/2025\/02\/partition-pixabay-1024x768.jpg\" class=\"attachment-large size-large wp-image-13\" alt=\"\" srcset=\"https:\/\/test.lysadamon.fr\/wp-content\/uploads\/2025\/02\/partition-pixabay-1024x768.jpg 1024w, https:\/\/test.lysadamon.fr\/wp-content\/uploads\/2025\/02\/partition-pixabay-300x225.jpg 300w, https:\/\/test.lysadamon.fr\/wp-content\/uploads\/2025\/02\/partition-pixabay-768x576.jpg 768w, https:\/\/test.lysadamon.fr\/wp-content\/uploads\/2025\/02\/partition-pixabay-1536x1152.jpg 1536w, https:\/\/test.lysadamon.fr\/wp-content\/uploads\/2025\/02\/partition-pixabay.jpg 1920w\" sizes=\"(max-width: 800px) 100vw, 800px\" \/>\t\t\t\t\t\t\t\t\t\t\t\t\t\t\t<\/div>\n\t\t\t\t<\/div>\n\t\t\t\t<\/div>\n\t\t<div class=\"elementor-element elementor-element-34ebb4e e-con-full e-flex e-con e-child\" data-id=\"34ebb4e\" data-element_type=\"container\">\n\t\t\t\t<div class=\"elementor-element elementor-element-1b5027b elementor-widget elementor-widget-image\" data-id=\"1b5027b\" data-element_type=\"widget\" data-widget_type=\"image.default\">\n\t\t\t\t<div class=\"elementor-widget-container\">\n\t\t\t\t\t\t\t\t\t\t\t\t\t\t\t<img loading=\"lazy\" decoding=\"async\" width=\"800\" height=\"535\" src=\"https:\/\/test.lysadamon.fr\/wp-content\/uploads\/2025\/03\/flute-pixabay-1024x685.jpg\" class=\"attachment-large size-large wp-image-37\" alt=\"\" srcset=\"https:\/\/test.lysadamon.fr\/wp-content\/uploads\/2025\/03\/flute-pixabay-1024x685.jpg 1024w, https:\/\/test.lysadamon.fr\/wp-content\/uploads\/2025\/03\/flute-pixabay-300x201.jpg 300w, https:\/\/test.lysadamon.fr\/wp-content\/uploads\/2025\/03\/flute-pixabay-768x514.jpg 768w, https:\/\/test.lysadamon.fr\/wp-content\/uploads\/2025\/03\/flute-pixabay-1536x1028.jpg 1536w, https:\/\/test.lysadamon.fr\/wp-content\/uploads\/2025\/03\/flute-pixabay.jpg 1920w\" sizes=\"(max-width: 800px) 100vw, 800px\" \/>\t\t\t\t\t\t\t\t\t\t\t\t\t\t\t<\/div>\n\t\t\t\t<\/div>\n\t\t\t\t<\/div>\n\t\t<div class=\"elementor-element elementor-element-303d874 e-con-full e-flex e-con e-child\" data-id=\"303d874\" data-element_type=\"container\">\n\t\t\t\t<div class=\"elementor-element elementor-element-9a85996 elementor-widget elementor-widget-image\" data-id=\"9a85996\" data-element_type=\"widget\" data-widget_type=\"image.default\">\n\t\t\t\t<div class=\"elementor-widget-container\">\n\t\t\t\t\t\t\t\t\t\t\t\t\t\t\t<img loading=\"lazy\" decoding=\"async\" width=\"800\" height=\"534\" src=\"https:\/\/test.lysadamon.fr\/wp-content\/uploads\/2025\/03\/flutiste-pixabay-1024x683.jpg\" class=\"attachment-large size-large wp-image-38\" alt=\"\" srcset=\"https:\/\/test.lysadamon.fr\/wp-content\/uploads\/2025\/03\/flutiste-pixabay-1024x683.jpg 1024w, https:\/\/test.lysadamon.fr\/wp-content\/uploads\/2025\/03\/flutiste-pixabay-300x200.jpg 300w, https:\/\/test.lysadamon.fr\/wp-content\/uploads\/2025\/03\/flutiste-pixabay-768x512.jpg 768w, https:\/\/test.lysadamon.fr\/wp-content\/uploads\/2025\/03\/flutiste-pixabay-1536x1024.jpg 1536w, https:\/\/test.lysadamon.fr\/wp-content\/uploads\/2025\/03\/flutiste-pixabay.jpg 1920w\" sizes=\"(max-width: 800px) 100vw, 800px\" \/>\t\t\t\t\t\t\t\t\t\t\t\t\t\t\t<\/div>\n\t\t\t\t<\/div>\n\t\t\t\t<\/div>\n\t\t<div class=\"elementor-element elementor-element-7b2b2af e-con-full e-flex e-con e-child\" data-id=\"7b2b2af\" data-element_type=\"container\">\n\t\t\t\t<div class=\"elementor-element elementor-element-05f38be elementor-widget elementor-widget-image\" data-id=\"05f38be\" data-element_type=\"widget\" data-widget_type=\"image.default\">\n\t\t\t\t<div class=\"elementor-widget-container\">\n\t\t\t\t\t\t\t\t\t\t\t\t\t\t\t<img loading=\"lazy\" decoding=\"async\" width=\"800\" height=\"429\" src=\"https:\/\/test.lysadamon.fr\/wp-content\/uploads\/2025\/03\/1f3200_b08aac3d348540c3b5398d3678fc853b-1024x549.jpg\" class=\"attachment-large size-large wp-image-40\" alt=\"\" srcset=\"https:\/\/test.lysadamon.fr\/wp-content\/uploads\/2025\/03\/1f3200_b08aac3d348540c3b5398d3678fc853b-1024x549.jpg 1024w, https:\/\/test.lysadamon.fr\/wp-content\/uploads\/2025\/03\/1f3200_b08aac3d348540c3b5398d3678fc853b-300x161.jpg 300w, https:\/\/test.lysadamon.fr\/wp-content\/uploads\/2025\/03\/1f3200_b08aac3d348540c3b5398d3678fc853b-768x412.jpg 768w, https:\/\/test.lysadamon.fr\/wp-content\/uploads\/2025\/03\/1f3200_b08aac3d348540c3b5398d3678fc853b-1536x823.jpg 1536w, https:\/\/test.lysadamon.fr\/wp-content\/uploads\/2025\/03\/1f3200_b08aac3d348540c3b5398d3678fc853b.jpg 1920w\" sizes=\"(max-width: 800px) 100vw, 800px\" \/>\t\t\t\t\t\t\t\t\t\t\t\t\t\t\t<\/div>\n\t\t\t\t<\/div>\n\t\t\t\t<\/div>\n\t\t\t\t\t<\/div>\n\t\t\t\t<\/div>\n\t\t<div class=\"elementor-element elementor-element-c458868 e-flex e-con-boxed e-con e-parent\" data-id=\"c458868\" data-element_type=\"container\">\n\t\t\t\t\t<div class=\"e-con-inner\">\n\t\t\t\t<div class=\"elementor-element elementor-element-ed1081e elementor-widget-divider--view-line elementor-widget elementor-widget-divider\" data-id=\"ed1081e\" data-element_type=\"widget\" data-widget_type=\"divider.default\">\n\t\t\t\t<div class=\"elementor-widget-container\">\n\t\t\t\t\t\t\t<div class=\"elementor-divider\">\n\t\t\t<span class=\"elementor-divider-separator\">\n\t\t\t\t\t\t<\/span>\n\t\t<\/div>\n\t\t\t\t\t\t<\/div>\n\t\t\t\t<\/div>\n\t\t\t\t\t<\/div>\n\t\t\t\t<\/div>\n\t\t<footer class=\"elementor-element elementor-element-5510cb79 e-con-full e-flex e-con e-parent\" data-id=\"5510cb79\" data-element_type=\"container\">\n\t\t<div class=\"elementor-element elementor-element-44b5c12c e-con-full e-flex e-con e-child\" data-id=\"44b5c12c\" data-element_type=\"container\">\n\t\t\t\t<div class=\"elementor-element elementor-element-51b72f28 e-grid-align-tablet-right e-grid-align-mobile-center elementor-widget-mobile__width-inherit elementor-shape-rounded elementor-grid-0 e-grid-align-center elementor-widget elementor-widget-social-icons\" data-id=\"51b72f28\" data-element_type=\"widget\" data-widget_type=\"social-icons.default\">\n\t\t\t\t<div class=\"elementor-widget-container\">\n\t\t\t\t\t\t\t<div class=\"elementor-social-icons-wrapper elementor-grid\">\n\t\t\t\t\t\t\t<span class=\"elementor-grid-item\">\n\t\t\t\t\t<a class=\"elementor-icon elementor-social-icon elementor-social-icon-facebook-f elementor-repeater-item-3f1b7ac\" target=\"_blank\">\n\t\t\t\t\t\t<span class=\"elementor-screen-only\">Facebook-f<\/span>\n\t\t\t\t\t\t<svg class=\"e-font-icon-svg e-fab-facebook-f\" viewBox=\"0 0 320 512\" xmlns=\"http:\/\/www.w3.org\/2000\/svg\"><path d=\"M279.14 288l14.22-92.66h-88.91v-60.13c0-25.35 12.42-50.06 52.24-50.06h40.42V6.26S260.43 0 225.36 0c-73.22 0-121.08 44.38-121.08 124.72v70.62H22.89V288h81.39v224h100.17V288z\"><\/path><\/svg>\t\t\t\t\t<\/a>\n\t\t\t\t<\/span>\n\t\t\t\t\t\t\t<span class=\"elementor-grid-item\">\n\t\t\t\t\t<a class=\"elementor-icon elementor-social-icon elementor-social-icon-instagram elementor-repeater-item-a7c3f44\" target=\"_blank\">\n\t\t\t\t\t\t<span class=\"elementor-screen-only\">Instagram<\/span>\n\t\t\t\t\t\t<svg class=\"e-font-icon-svg e-fab-instagram\" viewBox=\"0 0 448 512\" xmlns=\"http:\/\/www.w3.org\/2000\/svg\"><path d=\"M224.1 141c-63.6 0-114.9 51.3-114.9 114.9s51.3 114.9 114.9 114.9S339 319.5 339 255.9 287.7 141 224.1 141zm0 189.6c-41.1 0-74.7-33.5-74.7-74.7s33.5-74.7 74.7-74.7 74.7 33.5 74.7 74.7-33.6 74.7-74.7 74.7zm146.4-194.3c0 14.9-12 26.8-26.8 26.8-14.9 0-26.8-12-26.8-26.8s12-26.8 26.8-26.8 26.8 12 26.8 26.8zm76.1 27.2c-1.7-35.9-9.9-67.7-36.2-93.9-26.2-26.2-58-34.4-93.9-36.2-37-2.1-147.9-2.1-184.9 0-35.8 1.7-67.6 9.9-93.9 36.1s-34.4 58-36.2 93.9c-2.1 37-2.1 147.9 0 184.9 1.7 35.9 9.9 67.7 36.2 93.9s58 34.4 93.9 36.2c37 2.1 147.9 2.1 184.9 0 35.9-1.7 67.7-9.9 93.9-36.2 26.2-26.2 34.4-58 36.2-93.9 2.1-37 2.1-147.8 0-184.8zM398.8 388c-7.8 19.6-22.9 34.7-42.6 42.6-29.5 11.7-99.5 9-132.1 9s-102.7 2.6-132.1-9c-19.6-7.8-34.7-22.9-42.6-42.6-11.7-29.5-9-99.5-9-132.1s-2.6-102.7 9-132.1c7.8-19.6 22.9-34.7 42.6-42.6 29.5-11.7 99.5-9 132.1-9s102.7-2.6 132.1 9c19.6 7.8 34.7 22.9 42.6 42.6 11.7 29.5 9 99.5 9 132.1s2.7 102.7-9 132.1z\"><\/path><\/svg>\t\t\t\t\t<\/a>\n\t\t\t\t<\/span>\n\t\t\t\t\t<\/div>\n\t\t\t\t\t\t<\/div>\n\t\t\t\t<\/div>\n\t\t\t\t<\/div>\n\t\t<div class=\"elementor-element elementor-element-2b5972dd e-con-full e-flex e-con e-child\" data-id=\"2b5972dd\" data-element_type=\"container\">\n\t\t\t\t<\/div>\n\t\t<div class=\"elementor-element elementor-element-52abd6a e-con-full e-flex e-con e-child\" data-id=\"52abd6a\" data-element_type=\"container\">\n\t\t\t\t<div class=\"elementor-element elementor-element-1147681 elementor-widget elementor-widget-image\" data-id=\"1147681\" data-element_type=\"widget\" data-widget_type=\"image.default\">\n\t\t\t\t<div class=\"elementor-widget-container\">\n\t\t\t\t\t\t\t\t\t\t\t\t\t\t\t<img loading=\"lazy\" decoding=\"async\" width=\"500\" height=\"500\" src=\"https:\/\/test.lysadamon.fr\/wp-content\/uploads\/2025\/02\/Logo-ASP.png\" class=\"attachment-full size-full wp-image-17\" alt=\"\" srcset=\"https:\/\/test.lysadamon.fr\/wp-content\/uploads\/2025\/02\/Logo-ASP.png 500w, https:\/\/test.lysadamon.fr\/wp-content\/uploads\/2025\/02\/Logo-ASP-300x300.png 300w, https:\/\/test.lysadamon.fr\/wp-content\/uploads\/2025\/02\/Logo-ASP-150x150.png 150w\" sizes=\"(max-width: 500px) 100vw, 500px\" \/>\t\t\t\t\t\t\t\t\t\t\t\t\t\t\t<\/div>\n\t\t\t\t<\/div>\n\t\t\t\t<\/div>\n\t\t\t\t<\/footer>\n\t\t\t\t<\/div>\n\t\t","protected":false},"excerpt":{"rendered":"<p>Accueil Galerie photos Actualit\u00e9s Pr\u00e9sentation Contact Prochain concert Symphonie n\u00b03, Saint-Sa\u00ebns Concerto pour fl\u00fbte, Chaminade \u00a0 L&rsquo;Association Symphonique de Paris a \u00e9t\u00e9 fond\u00e9e en 1923 sous le nom d&rsquo;Amicale Symphonique du 14\u00e8me et prend son nom actuel en 1936. Elle a pu entretenir des liens privil\u00e9gi\u00e9s avec la mairie du 13\u00e8me depuis 1945. L&rsquo;orchestre travaille [&hellip;]<\/p>\n","protected":false},"author":1,"featured_media":0,"parent":0,"menu_order":0,"comment_status":"closed","ping_status":"closed","template":"elementor_canvas","meta":{"footnotes":""},"class_list":["post-7","page","type-page","status-publish","hentry"],"_links":{"self":[{"href":"https:\/\/test.lysadamon.fr\/index.php\/wp-json\/wp\/v2\/pages\/7","targetHints":{"allow":["GET"]}}],"collection":[{"href":"https:\/\/test.lysadamon.fr\/index.php\/wp-json\/wp\/v2\/pages"}],"about":[{"href":"https:\/\/test.lysadamon.fr\/index.php\/wp-json\/wp\/v2\/types\/page"}],"author":[{"embeddable":true,"href":"https:\/\/test.lysadamon.fr\/index.php\/wp-json\/wp\/v2\/users\/1"}],"replies":[{"embeddable":true,"href":"https:\/\/test.lysadamon.fr\/index.php\/wp-json\/wp\/v2\/comments?post=7"}],"version-history":[{"count":16,"href":"https:\/\/test.lysadamon.fr\/index.php\/wp-json\/wp\/v2\/pages\/7\/revisions"}],"predecessor-version":[{"id":43,"href":"https:\/\/test.lysadamon.fr\/index.php\/wp-json\/wp\/v2\/pages\/7\/revisions\/43"}],"wp:attachment":[{"href":"https:\/\/test.lysadamon.fr\/index.php\/wp-json\/wp\/v2\/media?parent=7"}],"curies":[{"name":"wp","href":"https:\/\/api.w.org\/{rel}","templated":true}]}}